{"id":148,"date":"2017-04-23T12:39:19","date_gmt":"2017-04-23T10:39:19","guid":{"rendered":"https:\/\/antoine-echafaudages.fr\/?page_id=148"},"modified":"2023-02-09T20:44:22","modified_gmt":"2023-02-09T19:44:22","slug":"infos-legales","status":"publish","type":"page","link":"https:\/\/www.antoine-echafaudages.fr\/?page_id=148","title":{"rendered":"Informations l\u00e9gales"},"content":{"rendered":"\r\n<h3> Pr\u00e9sentation du site.<\/h3>\r\n\r\n<p>En vertu de l\u2019article 6 de la loi n\u00b0 2004-575 du 21 juin 2004 pour la confiance dans l\u2019\u00e9conomie num\u00e9rique, il est pr\u00e9cis\u00e9 aux utilisateurs du site <a href=\"https:\/\/antoine-echafaudages.fr\">www.antoine-echafaudages.fr<\/a> l\u2019identit\u00e9 des diff\u00e9rents intervenants dans le cadre de sa r\u00e9alisation et de son suivi :<\/p>\r\n<p>Propri\u00e9taire :<br> ANTOINE ECHAFAUDAGES<br\/>\r\nRoute de Pagny sur Moselle 54121 VANDI\u00c8RES &#8211; T\u00e9l : 03 83 81 77 28<br\/>\r\n  Responsable publication : ANTOINE ECHAFAUDAGES<br> Le responsable publication est une personne physique ou une personne morale.<br> Webmaster : Valentin Monnaux chez Koesio Grand Est<br> H\u00e9bergeur : <a href=\"https:\/\/koesio.com\/espace_client\/koesio-grand-est\/\" target=\"_blank\" rel=\"noopener noreferrer\">Koesio Grand Est<\/a> \u2013 178 avenue des roseaux 57155<\/p>\r\n\r\n\r\n<h3> Conditions g\u00e9n\u00e9rales d\u2019utilisation du site et des services propos\u00e9s.<\/h3>\r\n\r\n<p>L\u2019utilisation du site <a href=\"https:\/\/www.antoine-echafaudages.fr\/\">www.antoine-echafaudages.fr<\/a> implique l\u2019acceptation pleine et enti\u00e8re des conditions g\u00e9n\u00e9rales d\u2019utilisation ci-apr\u00e8s d\u00e9crites. Ces conditions d\u2019utilisation sont susceptibles d\u2019\u00eatre modifi\u00e9es ou compl\u00e9t\u00e9es \u00e0 tout moment, les utilisateurs du site <a href=\"https:\/\/antoine-echafaudages.fr\">www.antoine-echafaudages.fr<\/a> sont donc invit\u00e9s \u00e0 les consulter de mani\u00e8re r\u00e9guli\u00e8re.<\/p>\r\n<p>Ce site est normalement accessible \u00e0 tout moment aux utilisateurs. Une interruption pour raison de maintenance technique peut \u00eatre toutefois d\u00e9cid\u00e9e par Koesio Grand Est, qui s\u2019efforcera alors de communiquer pr\u00e9alablement aux utilisateurs les dates et heures de l\u2019intervention.<\/p>\r\n<p>Le site <a href=\"https:\/\/www.antoine-echafaudages.fr\/\">www.antoine-echafaudages.fr<\/a> est mis \u00e0 jour r\u00e9guli\u00e8rement par ANTOINE ECHAFAUDAGES. De la m\u00eame fa\u00e7on, les mentions l\u00e9gales peuvent \u00eatre modifi\u00e9es \u00e0 tout moment : elles s\u2019imposent n\u00e9anmoins \u00e0 l\u2019utilisateur qui est invit\u00e9 \u00e0 s\u2019y r\u00e9f\u00e9rer le plus souvent possible afin d\u2019en prendre connaissance.<\/p>\r\n\r\n\r\n<h3> Conditions g\u00e9n\u00e9rales d\u2019utilisation (CGU) \u2013 Politique de confidentialit\u00e9 \u2013 Donn\u00e9es personnelles<\/h3>h3> \r\n\r\n<ul>\r\n    <li><strong>Respect des CGU et mise \u00e0 jour<\/strong> : En utilisant ce Site, vous acceptez les conditions de la politique de confidentialit\u00e9 et les pr\u00e9sentes CGU et vous vous engagez \u00e0 les respecter. ANTOINE ECHAFAUDAGES peut modifier le contenu de la pr\u00e9sente page \u00e0 tout moment et sans pr\u00e9avis. L\u2019utilisateur est donc invit\u00e9 \u00e0 la consulter r\u00e9guli\u00e8rement.<\/li>\r\n    <li><strong>Acc\u00e8s au Site<\/strong> : Vous convenez d\u2019acc\u00e9der \u00e0 ce Site \u00e0 partir d\u2019un navigateur standard sur un ordinateur, smartphones ou tablette. Vous convenez \u00e9galement de ne pas endommager, mettre hors service ou surcharger le Site ni d\u2019emp\u00eacher toute partie tierce de s\u2019en servir.<\/li>\r\n    <li><strong>Usage des informations contenues dans le Site<\/strong> : L\u2019internaute est seul responsable de l\u2019usage qu\u2019il fait des informations contenues dans le Site. Il doit cependant respecter les droits de propri\u00e9t\u00e9 intellectuelle qui y sont attach\u00e9s.<\/li>\r\n    <li><strong>Responsabilit\u00e9<\/strong> :&nbsp; ANTOINE ECHAFAUDAGES s\u2019engage \u00e0 faire ses meilleurs efforts pour assurer aux utilisateurs une accessibilit\u00e9 du Site \u00e0 tout moment. Toutefois, elle ne pourra \u00eatre tenue responsable en cas d\u2019indisponibilit\u00e9 du site, pour quelque cause que ce soit. Par ailleurs, ANTOINE ECHAFAUDAGES se r\u00e9serve le droit, \u00e0 tout moment, de modifier et\/ou interrompre, temporairement ou de mani\u00e8re d\u00e9finitive, tout ou partie du Site et notamment ANTOINE ECHAFAUDAGES peut \u00e0 tout moment modifier le Site et le contenu de celui-ci, en particulier les services qui y sont d\u00e9crits.<br> Les informations fournies sur le Site par ANTOINE ECHAFAUDAGES le sont \u00e0 titre indicatif et ANTOINE ECHAFAUDAGES ne saurait garantir l\u2019exactitude, le caract\u00e8re exhaustif et\/ou l\u2019actualit\u00e9 des informations diffus\u00e9es sur le Site.<br> ANTOINE ECHAFAUDAGES ne saurait \u00eatre responsable des cons\u00e9quences, directes ou indirectes, pouvant d\u00e9couler de vos erreurs de saisie de coordonn\u00e9es ou de toute autre information incompl\u00e8te ou erron\u00e9e transmise par vos soins via le Site.<\/li>\r\n    <li><strong>Courriels<\/strong> : Les adresses de courrier \u00e9lectronique de la soci\u00e9t\u00e9 ANTOINE ECHAFAUDAGES indiqu\u00e9es sur le site sont r\u00e9serv\u00e9es \u00e0 un usage professionnel. L\u2019utilisation de la messagerie professionnelle pour envoyer ou recevoir des messages priv\u00e9s ne peut \u00eatre effectu\u00e9e que dans les limites du droit \u00e0 une vie priv\u00e9e r\u00e9siduelle au travail, et dans ce cadre, l\u2019objet du courrier \u00e9lectronique doit contenir la mention \u00ab Personnel-Priv\u00e9 \u00bb ; \u00e0 d\u00e9faut, le message ne pourra pas \u00eatre trait\u00e9 comme un courrier \u00e9lectronique priv\u00e9.<\/li>\r\n    <li><strong>Liens <\/strong>: Ce Site peut contenir des liens vers des sites internet tiers. ANTOINE ECHAFAUDAGES n\u2019est pas responsable des pratiques de ces sites en mati\u00e8re de confidentialit\u00e9, ni du contenu de ces sites. Il vous appartient notamment de prendre toutes les mesures appropri\u00e9es de fa\u00e7on \u00e0 prot\u00e9ger vos propres donn\u00e9es et\/ou logiciels de la contamination d\u2019\u00e9ventuels virus circulant sur internet.<\/li>\r\n    <li><strong>Cookies<\/strong>&nbsp;: <em>[NB d\u00e9cembre 2018 \u2013 la politique Cookies du site est en cours de mise \u00e0 jour]<\/em> le Site peut utiliser des cookies notamment s\u2019agissant des cookies&nbsp;des r\u00e9seaux sociaux g\u00e9n\u00e9r\u00e9s par les&nbsp;boutons de partage de r\u00e9seaux sociaux qui peuvent collecter des donn\u00e9es personnelles sans consentement des personnes concern\u00e9es. En continuant la navigation sur le Site, vous acceptez les cookies.<\/li>\r\n    <li><strong>RGPD\/LIL \u2013 politique de confidentialit\u00e9<\/strong><\/li>\r\n<\/ul>\r\n<br\/><br\/>\r\n<p><strong>Base l\u00e9gale des traitements et destinataire des donn\u00e9es personnelles <\/strong>: Les traitements de donn\u00e9es \u00e0 caract\u00e8re personnel mis en \u0153uvre dans le cadre du pr\u00e9sent site emajweb.com sont fond\u00e9s sur l\u2019int\u00e9r\u00eat l\u00e9gitime de ANTOINE ECHAFAUDAGES de mettre en \u0153uvre de telles activit\u00e9s, dans le seul cadre de ses activit\u00e9s professionnelles. ANTOINE ECHAFAUDAGES ne cherche pas \u00e0 divulguer \u2013 sauf si elle en est l\u00e9galement tenue \u2013 vos donn\u00e9es personnelles, de fa\u00e7on gratuite ou payante.<br> ANTOINE ECHAFAUDAGES peut vous demander et\/ou recueillir aupr\u00e8s de vous, des donn\u00e9es personnelles sur certaines pages du Site, notamment votre nom et adresse \u00e9lectronique via le formulaire de contact. ANTOINE ECHAFAUDAGES peut \u00e9galement avoir acc\u00e8s \u00e0 votre adresse IP et\/ou vos noms de domaine internet. Les comptes de ANTOINE ECHAFAUDAGES sur les r\u00e9seaux sociaux&nbsp;peuvent \u00e9galement collecter vos donn\u00e9es personnelles.<\/p>\r\n<p>Vous disposez d\u2019un <strong>droit d\u2019acc\u00e8s<\/strong>, d\u2019interrogation, de limitation, de portabilit\u00e9, d\u2019effacement, et de rectification des informations personnelles vous concernant. Vous disposez \u00e9galement d\u2019un droit d\u2019opposition au traitement de vos donn\u00e9es \u00e0 caract\u00e8re personnel, ainsi que d\u2019un droit d\u2019opposition \u00e0 ce que ces donn\u00e9es soient utilis\u00e9es \u00e0 des fins de prospection commerciale.<\/p>\r\n<p>Vous pouvez exercer ces droits par courrier postal en faisant la demande \u00e0 ANTOINE ECHAFAUDAGES Route de Pagny sur Moselle 54121 VANDI\u00c8RES \u2013 FRANCE, accompagn\u00e9 d\u2019une copie d\u2019une pi\u00e8ce d\u2019identit\u00e9 sign\u00e9e.<\/p>\r\n<p><strong>Dur\u00e9e de conservation<\/strong> :<\/p>\r\n<p>Les donn\u00e9es sont conserv\u00e9es :<br> 3 ans \u00e0 compter du dernier contact entrant de votre part, si vous n\u2019\u00eates pas r\u00e9f\u00e9renc\u00e9 comme client de ANTOINE ECHAFAUDAGES<br> 3 ans apr\u00e8s la fin de la relation avec ANTOINE ECHAFAUDAGES, si vous \u00eates client de ANTOINE ECHAFAUDAGES et durant toute la relation client\/ANTOINE ECHAFAUDAGES<\/p>\r\n<p><strong>Autorit\u00e9 de contr\u00f4le<\/strong>&nbsp;: en France, l\u2019autorit\u00e9 de contr\u00f4le aupr\u00e8s de laquelle les personnes peuvent introduire une r\u00e9clamation est la <u><a href=\"https:\/\/www.cnil.fr\/\">CNIL<\/a><\/u>.<\/p>\r\n\r\n\r\n\r\n<h3>Lexique.<\/h3>\r\n\r\n<p><strong>Utilisateur :<\/strong> Internaute se connectant, utilisant le site susnomm\u00e9.<\/p>\r\n<p><strong>Informations personnelles :<\/strong> \u00ab les informations qui permettent, sous quelque forme que ce soit, directement ou non, l\u2019identification des personnes physiques auxquelles elles s\u2019appliquent \u00bb (article 4 de la loi n\u00b0 78-17 du 6 janvier 1978).<\/p>\r\n\r\n<h3>Cr\u00e9dits Photos.<\/h3>\r\n\u00a9 Fotolia \/ Adobe stock<br\/>\r\n\u00a9 Antoine Echafaudages<\/p>\r\n","protected":false},"excerpt":{"rendered":"<p>Pr\u00e9sentation du site. En vertu de l\u2019article 6 de la loi n\u00b0 2004-575 du 21 juin 2004&#8230;<\/p>\n","protected":false},"author":5,"featured_media":0,"parent":0,"menu_order":15,"comment_status":"closed","ping_status":"closed","template":"page-cgv.php","meta":{"footnotes":""},"acf":[],"yoast_head":"<!-- This site is optimized with the Yoast SEO plugin v20.0 - https:\/\/yoast.com\/wordpress\/plugins\/seo\/ -->\n<title>Informations l\u00e9gales - Antoine \u00c9chafaudages<\/title>\n<meta name=\"robots\" content=\"index, follow, max-snippet:-1, max-image-preview:large, max-video-preview:-1\" \/>\n<link rel=\"canonical\" href=\"https:\/\/www.antoine-echafaudages.fr\/?page_id=148\" \/>\n<meta property=\"og:locale\" content=\"fr_FR\" \/>\n<meta property=\"og:type\" content=\"article\" \/>\n<meta property=\"og:title\" content=\"Informations l\u00e9gales - Antoine \u00c9chafaudages\" \/>\n<meta property=\"og:description\" content=\"Pr\u00e9sentation du site. En vertu de l\u2019article 6 de la loi n\u00b0 2004-575 du 21 juin 2004...\" \/>\n<meta property=\"og:url\" content=\"https:\/\/www.antoine-echafaudages.fr\/?page_id=148\" \/>\n<meta property=\"og:site_name\" content=\"Antoine \u00c9chafaudages\" \/>\n<meta property=\"article:modified_time\" content=\"2023-02-09T19:44:22+00:00\" \/>\n<meta name=\"twitter:card\" content=\"summary_large_image\" \/>\n<meta name=\"twitter:label1\" content=\"Dur\u00e9e de lecture estim\u00e9e\" \/>\n\t<meta name=\"twitter:data1\" content=\"6 minutes\" \/>\n<script type=\"application\/ld+json\" class=\"yoast-schema-graph\">{\"@context\":\"https:\/\/schema.org\",\"@graph\":[{\"@type\":\"WebPage\",\"@id\":\"https:\/\/www.antoine-echafaudages.fr\/?page_id=148\",\"url\":\"https:\/\/www.antoine-echafaudages.fr\/?page_id=148\",\"name\":\"Informations l\u00e9gales - Antoine \u00c9chafaudages\",\"isPartOf\":{\"@id\":\"https:\/\/www.antoine-echafaudages.fr\/#website\"},\"datePublished\":\"2017-04-23T10:39:19+00:00\",\"dateModified\":\"2023-02-09T19:44:22+00:00\",\"breadcrumb\":{\"@id\":\"https:\/\/www.antoine-echafaudages.fr\/?page_id=148#breadcrumb\"},\"inLanguage\":\"fr-FR\",\"potentialAction\":[{\"@type\":\"ReadAction\",\"target\":[\"https:\/\/www.antoine-echafaudages.fr\/?page_id=148\"]}]},{\"@type\":\"BreadcrumbList\",\"@id\":\"https:\/\/www.antoine-echafaudages.fr\/?page_id=148#breadcrumb\",\"itemListElement\":[{\"@type\":\"ListItem\",\"position\":1,\"name\":\"Accueil\",\"item\":\"https:\/\/www.antoine-echafaudages.fr\/\"},{\"@type\":\"ListItem\",\"position\":2,\"name\":\"Informations l\u00e9gales\"}]},{\"@type\":\"WebSite\",\"@id\":\"https:\/\/www.antoine-echafaudages.fr\/#website\",\"url\":\"https:\/\/www.antoine-echafaudages.fr\/\",\"name\":\"Antoine \u00c9chafaudages\",\"description\":\"Antoine \u00c9chafaudages\",\"potentialAction\":[{\"@type\":\"SearchAction\",\"target\":{\"@type\":\"EntryPoint\",\"urlTemplate\":\"https:\/\/www.antoine-echafaudages.fr\/?s={search_term_string}\"},\"query-input\":\"required name=search_term_string\"}],\"inLanguage\":\"fr-FR\"}]}<\/script>\n<!-- \/ Yoast SEO plugin. -->","yoast_head_json":{"title":"Informations l\u00e9gales - Antoine \u00c9chafaudages","robots":{"index":"index","follow":"follow","max-snippet":"max-snippet:-1","max-image-preview":"max-image-preview:large","max-video-preview":"max-video-preview:-1"},"canonical":"https:\/\/www.antoine-echafaudages.fr\/?page_id=148","og_locale":"fr_FR","og_type":"article","og_title":"Informations l\u00e9gales - Antoine \u00c9chafaudages","og_description":"Pr\u00e9sentation du site. En vertu de l\u2019article 6 de la loi n\u00b0 2004-575 du 21 juin 2004...","og_url":"https:\/\/www.antoine-echafaudages.fr\/?page_id=148","og_site_name":"Antoine \u00c9chafaudages","article_modified_time":"2023-02-09T19:44:22+00:00","twitter_card":"summary_large_image","twitter_misc":{"Dur\u00e9e de lecture estim\u00e9e":"6 minutes"},"schema":{"@context":"https:\/\/schema.org","@graph":[{"@type":"WebPage","@id":"https:\/\/www.antoine-echafaudages.fr\/?page_id=148","url":"https:\/\/www.antoine-echafaudages.fr\/?page_id=148","name":"Informations l\u00e9gales - Antoine \u00c9chafaudages","isPartOf":{"@id":"https:\/\/www.antoine-echafaudages.fr\/#website"},"datePublished":"2017-04-23T10:39:19+00:00","dateModified":"2023-02-09T19:44:22+00:00","breadcrumb":{"@id":"https:\/\/www.antoine-echafaudages.fr\/?page_id=148#breadcrumb"},"inLanguage":"fr-FR","potentialAction":[{"@type":"ReadAction","target":["https:\/\/www.antoine-echafaudages.fr\/?page_id=148"]}]},{"@type":"BreadcrumbList","@id":"https:\/\/www.antoine-echafaudages.fr\/?page_id=148#breadcrumb","itemListElement":[{"@type":"ListItem","position":1,"name":"Accueil","item":"https:\/\/www.antoine-echafaudages.fr\/"},{"@type":"ListItem","position":2,"name":"Informations l\u00e9gales"}]},{"@type":"WebSite","@id":"https:\/\/www.antoine-echafaudages.fr\/#website","url":"https:\/\/www.antoine-echafaudages.fr\/","name":"Antoine \u00c9chafaudages","description":"Antoine \u00c9chafaudages","potentialAction":[{"@type":"SearchAction","target":{"@type":"EntryPoint","urlTemplate":"https:\/\/www.antoine-echafaudages.fr\/?s={search_term_string}"},"query-input":"required name=search_term_string"}],"inLanguage":"fr-FR"}]}},"_links":{"self":[{"href":"https:\/\/www.antoine-echafaudages.fr\/index.php?rest_route=\/wp\/v2\/pages\/148"}],"collection":[{"href":"https:\/\/www.antoine-echafaudages.fr\/index.php?rest_route=\/wp\/v2\/pages"}],"about":[{"href":"https:\/\/www.antoine-echafaudages.fr\/index.php?rest_route=\/wp\/v2\/types\/page"}],"author":[{"embeddable":true,"href":"https:\/\/www.antoine-echafaudages.fr\/index.php?rest_route=\/wp\/v2\/users\/5"}],"replies":[{"embeddable":true,"href":"https:\/\/www.antoine-echafaudages.fr\/index.php?rest_route=%2Fwp%2Fv2%2Fcomments&post=148"}],"version-history":[{"count":3,"href":"https:\/\/www.antoine-echafaudages.fr\/index.php?rest_route=\/wp\/v2\/pages\/148\/revisions"}],"predecessor-version":[{"id":953,"href":"https:\/\/www.antoine-echafaudages.fr\/index.php?rest_route=\/wp\/v2\/pages\/148\/revisions\/953"}],"wp:attachment":[{"href":"https:\/\/www.antoine-echafaudages.fr\/index.php?rest_route=%2Fwp%2Fv2%2Fmedia&parent=148"}],"curies":[{"name":"wp","href":"https:\/\/api.w.org\/{rel}","templated":true}]}}